factors of 806973326?
2, 59, 67, 102071
List the prime factors of 473483298.
2, 3, 1453, 54311
What are the prime factors of 5173433391?
3, 7, 246353971
What are the prime factors of 143957266?
2, 71978633
What are the prime factors of 109609531?
29, 3779639
What are the prime factors of 1434346258?
2, 223, 3216023
List the prime factors of 834697189.
19, 67, 655693
What are the prime factors of 3345267229?
277, 12076777
List the prime factors of 48899176.
2, 47, 130051
What are the prime factors of 256557693?
3, 7, 17, 29, 24781
List the prime factors of 193388064.
2, 3, 2014459
List the prime factors of 396500733.
3, 44055637
What are the prime factors of 302303981?
7, 6169469
What are the prime factors of 828494466?
2, 3, 857, 161123
What are the prime factors of 3542967163?
3542967163
List the prime factors of 40837855.
5, 8167571
What are the prime factors of 230243049?
3, 25582561
What are the prime factors of 612550602?
2, 3, 34030589
What are the prime factors of 267518344?
2, 31, 71, 15193
List the prime factors of 138726773.
131, 1058983
List the prime factors of 387011595.
3, 5, 31, 487, 1709
List the prime factors of 2228534488.
2, 17, 963899
What are the prime factors of 257693306?
2, 13, 2131, 4651
What are the prime factors of 77317716?
2, 3, 7, 37, 24877
List the prime factors of 1196932459.
83, 131, 110083
What are the prime factors of 105981274?
2, 7, 71, 106621
What are the prime factors of 11892786?
2, 3, 47, 181, 233
List the prime factors of 1947914053.
1947914053
What are the prime factors of 535024146?
2, 3, 43, 617, 3361
What are the prime factors of 69037361?
6781, 10181
What are the prime factors of 120881877?
3, 479, 84121
List the prime factors of 1647346887.
3, 409, 447527
What are the prime factors of 1931391725?
5, 229, 337361
List the prime factors of 963482589.
3, 433, 457, 541
What are the prime factors of 94741864?
2, 7, 401, 4219
List the prime factors of 1424554712.
2, 7, 17, 383, 3907
What are the prime factors of 2080635?
3, 5, 59, 2351
What are the prime factors of 1789353132?
2, 3, 7, 21301823
List the prime factors of 62416959.
3, 11, 1033, 1831
What are the prime factors of 6254646?
2, 3, 1021
List the prime factors of 1068993199.
53, 149, 135367
What are the prime factors of 10997529?
3, 31, 118253
List the prime factors of 484120187.
43, 11258609
List the prime factors of 492549053.
127, 197, 19687
List the prime factors of 50781029.
13, 109, 35837
What are the prime factors of 305979178?
2, 317, 487, 991
What are the prime factors of 943929792?
2, 3, 13, 37, 3407
List the prime factors of 55934376.
2, 3, 673, 3463
What are the prime factors of 126544149?
3, 14060461
What are the prime factors of 3267349?
17, 71, 2707
What are the prime factors of 367505901?
3, 7, 311, 18757
What are the prime factors of 119359113?
3, 193, 211, 977
What are the prime factors of 24310042?
2, 12155021
List the prime factors of 1315330140.
2, 3, 5, 21922169
What are the prime factors of 100909796?
2, 13, 1940573
What are the prime factors of 805627986?
2, 3, 283, 541, 877
List the prime factors of 926921662.
2, 2837, 163363
What are the prime factors of 293612250?
2, 3, 5, 23, 17021
What are the prime factors of 77424370?
2, 5, 7742437
List the prime factors of 652089650.
2, 5, 29, 31, 89, 163
What are the prime factors of 22055951?
1381, 15971
What are the prime factors of 2550091?
31, 82261
What are the prime factors of 207388742?
2, 11, 41, 43, 5347
List the prime factors of 1188844548.
2, 3, 1471, 67349
List the prime factors of 126805877.
11, 23, 501209
What are the prime factors of 171092482?
2, 11, 7776931
What are the prime factors of 1929674112?
2, 3, 31, 47, 3449
What are the prime factors of 29313069?
3, 9771023
What are the prime factors of 541386784?
2, 16918337
What are the prime factors of 452518976?
2, 7, 13, 77699
What are the prime factors of 55534640?
2, 5, 7, 31, 457
List the prime factors of 881936090.
2, 5, 7, 12599087
List the prime factors of 42724115.
5, 7, 1220689
What are the prime factors of 5579574511?
7, 727, 1096399
List the prime factors of 340650950.
2, 5, 701, 9719
List the prime factors of 3572080644.
2, 3, 11, 53, 510589
What are the prime factors of 4071053574?
2, 3, 7, 1538569
List the prime factors of 565052755.
5, 113010551
List the prime factors of 2026014393.
3, 13, 31, 59, 28403
What are the prime factors of 96954465?
3, 5, 43, 191, 787
What are the prime factors of 1106046322?
2, 553023161
List the prime factors of 163297710.
2, 3, 5, 601, 3019
List the prime factors of 960198295.
5, 7, 27434237
List the prime factors of 3955828149.
3, 7, 13, 4830071
What are the prime factors of 1498715160?
2, 3, 5, 12489293
What are the prime factors of 2234626701?
3, 829, 898523
List the prime factors of 28969879.
193, 367, 409
List the prime factors of 268021724.
2, 877, 76403
List the prime factors of 155235790.
2, 5, 79, 196501
List the prime factors of 4773241192.
2, 229, 2605481
List the prime factors of 41548847.
193, 215279
List the prime factors of 1254795320.
2, 5, 31369883
What are the prime factors of 7251862?
2, 1319, 2749
What are the prime factors of 133096531?
139, 957529
What are the prime factors of 459665146?
2, 229832573
What are the prime factors of 172535494?
2, 86267747
What are the prime factors of 368114806?
2, 29, 59, 97, 1109
What are the prime factors of 127254176?
2, 7, 81157
List the prime factors of 265023271.
47, 107, 151, 349
What are the prime factors of 805759643?
13, 61981511
List the prime factors of 3930116657.
191, 20576527
List the prime factors of 2605091476.
2, 13, 50097913
List the prime factors of 45990539.
7, 6570077
List the prime factors of 13857284.
2, 7, 494903
List the prime factors of 444750004.
2, 111187501
What are the prime factors of 19247266?
2, 19, 506507
What are the prime factors of 21037180?
2, 5, 19, 23, 29, 83
What are the prime factors of 7923898?
2, 3961949
What are the prime factors of 3933070327?
227, 17326301
What are the prime factors of 716469003?
3, 1181, 22469
List the prime factors of 734986147.
7, 7919, 13259
List the prime factors of 2007967709.
11, 19, 59, 162839
What are the prime factors of 294219984?
2, 3, 6129583
What are the prime factors of 355127646?
2, 3, 59187941
List the prime factors of 193501700.
2, 5, 7, 19, 14549
What are the prime factors of 87153012?
2, 3, 2420917
List the prime factors of 12806407.
12806407
What are the prime factors of 109047835?
5, 13, 71, 23629
What are the prime factors of 58117263?
3, 71, 281, 971
List the prime factors of 79097893.
7, 19, 594721
What are the prime factors of 9663690?
2, 3, 5, 83, 3881
List the prime factors of 12346213.
11, 151, 7433
List the prime factors of 96935664.
2, 3, 7, 288499
What are the prime factors of 13135659?
3, 4378553
What are the prime factors of 2375153324?
2, 59, 89, 113081
What are the prime factors of 131590772?
2, 89, 369637
What are the prime factors of 527927425?
5, 21117097
List the prime factors of 2569697008.
2, 160606063
List the prime factors of 129369243.
3, 89, 499, 971
List the prime factors of 719443429.
37, 47, 413711
What are the prime factors of 84645659?
7, 12092237
List the prime factors of 73666639.
73666639
List the prime factors of 5637996367.
5637996367
What are the prime factors of 297794992?
2, 11, 1692017
What are the prime factors of 8240264766?
2, 3, 137, 761, 4391
List the prime factors of 5727166328.
2, 13, 313, 175939
List the prime factors of 1874473.
29, 109, 593
List the prime factors of 39061470.
2, 3, 5, 7, 186007
List the prime factors of 24599176.
2, 7, 62753
List the prime factors of 50026056.
2, 3, 2084419
List the prime factors of 268236357.
3, 19, 233, 1063
List the prime factors of 101786723.
29, 41, 85607
What are the prime factors of 253955507?
13, 157, 124427
List the prime factors of 39169484.
2, 9792371
List the prime factors of 2888554184.
2, 17, 37, 251, 2287
List the prime factors of 2872840594.
2, 13, 110493869
What are the prime factors of 511601524?
2, 7, 19, 961657
What are the prime factors of 97411951?
7, 13, 31, 4933
What are the prime factors of 33512780?
2, 5, 7, 17, 14081
What are the prime factors of 472296242?
2, 11, 21468011
List the prime factors of 850269124.
2, 131, 859